 l + l. Suppose 3*c - 3*n = 9, 0*c = c + 4*n - l. Let u(h) = 2*h**2 - 6*h. Determine u(c).
8
Let b(m) = -38*m**3 + 5*m**2 + 2*m + 5. Let u(j) = 19*j**3 - 3*j**2 - j - 3. Let a(v) = -3*b(v) - 5*u(v). What is a(1)?
18
Let m = -20 - -35. Suppose -5*z + m = 5*b + 5, 4*z = -5*b + 13. Let w(c) = c**2 - 4*c - 2*c + c + 7. Give w(b).
7
Let m(w) = -w**3 - 6*w**2 + 2*w + 6. Suppose -14 = y - 8. Give m(y).
-6
Let t be 3*4/3*1. Let q(g) = 4 + t - 3*g**2 + 4*g**2 - 6 - 3*g. Give q(4).
6
Suppose 0*m - 14 = -2*m. Let q = 5 - m. Let x(i) = -3*i. Calculate x(q).
6
Let g(y) = y**3 + 18*y**2 + 17*y. Let d be g(-17). Suppose 4*h = 20, -4*r = 2*h - d*h + 10. Let c(f) = -2*f - 6. Determine c(r).
4
Suppose 3 = 5*b - 2. Suppose -2*h + 2 = -4. Let c(o) = 0*o + 6*o**2 + o - 1 - h*o**2. Give c(b).
3
Let k(h) = 10*h**2. Let f(p) = -p + 4. Let q(v) = 6*v**2 - v. Let w be q(1). Let n be f(w). Give k(n).
10
Let j = 32 - 26. Let d(x) = -j*x - x**3 + 47 - x**2 - 7*x**2 - 38. Calculate d(-7).
2
Suppose -2*u = -5*u + 6. Let d(r) = 84 + 0*r - 3*r + 0*r - 83. Calculate d(u).
-5
Let g(b) = -49 - b**3 + 3*b**2 + 5*b + 0*b + 43. Determine g(4).
-2
Let l(a) be the second derivative of -a**5/20 + a**4/2 + a**3/6 - a**2 - 4*a. Give l(6).
4
Let z(w) be the first derivative of -1 + 0*w**2 + w - 8/3*w**3. Let i = -3 + 2. Determine z(i).
-7
Let d(t) be the first derivative of -1/2*t**2 - 1 - 1/3*t**3 + 0*t + 5/4*t**4. Determine d(-1).
-5
Let l be 34/(-6) - (-5)/(-15). Let r(b) = -b**2 - 7*b - 7. Determine r(l).
-1
Suppose y + 5 = -4*j, 7*y - 3*y + j - 10 = 0. Let n(d) = -3*d - d**y + 5*d + 0*d**3. What is n(-2)?
4
Let h be 3/21 + 1/(-7). Suppose k + 4*k - 10 = h. Let q(l) = -l - 2. Determine q(k).
-4
Suppose 0 = 3*x - 11 - 25. Let s = 8 - x. Let a(y) = y**3 + 5*y**2 + 4*y + 6. Calculate a(s).
6
Let q(b) = 2*b**2 + 3*b - 2 + 1 + 0 + 0*b. Determine q(-3).
8
Let a(u) = -u + 6. Let w = -22 + 27. What is a(w)?
1
Let r(t) = -t**2 + 5*t. Let f = 4 + -3. Let w be (10/(-4))/(f/(-2)). Calculate r(w).
0
Let x(k) = -k**2 - k. Let p(f) = -f**2 + f. Let u be p(2). Give x(u).
-2
Let j(n) be the first derivative of 3*n**4/2 - 3*n**3 - 5*n**2/2 - 9*n - 2. Let v(g) = -7*g**3 + 10*g**2 + 5*g + 10. Let c(t) = 6*j(t) + 5*v(t). Determine c(5).
-4
Let z(p) = -p - 8*p**3 + 4*p**3 + 4*p**3 - 2 - p**3. Calculate z(2).
-12
Suppose -3*h = -5*h - 2. Let v(o) = -9*o**2 - 1. Calculate v(h).
-10
Let i(z) = z**3 - 5*z**2 - 8*z. Let p be (12/14)/(3/42). Let b be p/(-9)*36/(-8). Determine i(b).
-12
Let s(b) = -2*b + 1. Let c(f) = f**3 + 7*f**2 + 4. Let y be c(-7). Suppose 3*w = 4*l + 10 - 0, -y*l = 5*w + 26. Give s(w).
5
Let c(g) = -7*g + 4 - 2 + g**2 - 3*g**2 + 0*g**2. Determine c(-5).
-13
Let k(w) be the second derivative of -w**7/840 + w**6/90 + w**5/40 - w**4/8 - w**3 + 4*w. Let x(t) be the second derivative of k(t). Determine x(5).
-13
Let t(o) = 192 - o**2 + 196 - 396 - 7*o. Determine t(-7).
-8
Let b(h) = -h**3 - 2. Suppose 0 = d - 4*d + 6. Suppose 0 = 3*z + d - 8. What is b(z)?
-10
Let h(c) = c**2 - 10*c + 8. Let s be h(9). Let b(o) = -5*o**3 - o**2 - 2*o - 1. Let i be b(s). Let n(x) = x**2 - 4*x + 1. Determine n(i).
6
Let r(x) = x**3 - 4*x**2 + x + 1. Let m be r(4). Let f(g) = -g + 4 - m - 6. Suppose 2*o + 0*o + 10 = 0. Give f(o).
-2
Let y(d) = d - 3. Let x be y(0). Let k(a) = 4*a**3 - 8*a**2 - a + 10. Let g(j) = 5*j**3 - 9*j**2 + 11. Let z(s) = x*g(s) + 4*k(s). Determine z(5).
-13
Suppose 0*c + 5*j = -3*c - 9, 3*c - 4*j = 18. Let b(i) = -9 + 9 + 8*i + 0*i - i**c. Give b(6).
12
Suppose -8 = -5*r - 3. Let x(d) = 6*d - 6*d**2 - 9 + d**3 + r + 1. What is x(5)?
-2
Let g(q) be the first derivative of q**4/4 - q**3 - q**2/2 - 3*q - 6. What is g(3)?
-6
Let j be -2 - (3 + 18/(-2)). Suppose -j*f = 4*u - 8, -f + u + 10 = 4*f. Let b(d) be the first derivative of d**2/2 + 1. Determine b(f).
2
Let o(p) = p + 0 + 6 - 3 + 5. Suppose -36 = n + 5*n. Determine o(n).
2
Suppose 0 = 3*a - 5*a. Let m = a + 5. Suppose -20 = -0*u - m*u. Let i(v) = v**2 - 4*v + 5. Give i(u).
5
Let b(l) = 2*l**2 - l + 1. Suppose -h + 2*h + 3 = 0. Suppose 3*n = 3*r + 15, 0 = -2*n + 2*r - 4*r + 6. Let s = n + h. What is b(s)?
2
Let t(z) = 3*z**2 - 8*z**2 - 2*z - 3 + z**2 - z**3 + 0*z**2. Give t(-3).
-6
Let c(g) = 4*g**3 + 8*g**2 - 2*g. Let t(s) = -7*s**3 - 15*s**2 + 5*s. Let j(m) = -5*c(m) - 3*t(m). What is j(-6)?
-6
Let u(k) = -k**3 - 5*k**2 - k + 2. Suppose 32*p - 20 = 37*p. Give u(p).
-10
Let q = -4 - 1. Let l(m) = -m**2 - 5*m + 3. Let v be l(q). Let x(k) = -1 - 1 - v*k + k + 4. Give x(-2).
6
Suppose 2*n - 4*d = -0*d - 8, -3 = 4*n + 5*d. Let h be ((-1)/3)/(2/(-30)). Let r = h + n. Let x(q) = q**2 + q - 4. Calculate x(r).
8
Let w be (-24)/(-2) + (-2 - 0). Let z = 9 - w. Let y(g) = 3*g + 1. Give y(z).
-2
Let x(y) = -5*y**3 - 3*y**2 + 6*y + 8. Let m(o) = -2*o**3 - 2*o**2 + 3*o + 4. Let a(w) = 7*m(w) - 3*x(w). Determine a(4).
0
Suppose r + 17 = 2*y, -5*y - r + 7 = -25. Suppose -y*z + 3*z + 4 = 0. Let j(k) = 3*k**2 - 2*k + 1. Determine j(z).
2
Let k(j) be the third derivative of 0*j**3 + 0*j**5 + 2*j**2 - 1/720*j**6 - 1/24*j**4 + 0 + 0*j. Let s(q) be the second derivative of k(q). Calculate s(-3).
3
Let b(d) = -15*d**2 + 3*d + 5. Let m(x) = 7*x**2 - x - 2. Let k(g) = -2*b(g) - 5*m(g). Let t(i) = -i + 8. Let r be t(7). Calculate k(r).
-6
Let l = -2 - -7. Let r(h) = 2*h - 9. Let d be r(l). Let v(i) = -11*i + 1. Give v(d).
-10
Let v(b) = 3*b**2 - 2*b - 3. Let j(s) = 7*s**2 - 5*s - 6. Let q(u) = -4*j(u) + 9*v(u). Calculate q(2).
-3
Let s(u) = 4*u**3 - 8*u**2 + 2*u - 6. Let o(l) = 3*l**3 - 7*l**2 + l - 5. Let d(v) = -5*o(v) + 4*s(v). Determine d(-2).
-1
Suppose -l + 3*l - 1 = -r, -4 = l - r. Let m be (12/(l + 3))/2. Let d(s) = -s**2 + 0*s**m + s**3 - 2*s**2 - 1. What is d(3)?
-1
Let h be (16/6)/2*3. Let f(n) = -n**3 - 1. Let g(q) = 4*q**3 + 3*q**2 + 3*q. Let k(l) = 5*f(l) + g(l). Determine k(h).
-9
Let t(m) = 5 + m + 9*m - 5*m. Give t(-4).
-15
Let f be -2 + (-11)/(11/(-6)). Let z(p) = p**2 - 3*p - 3. What is z(f)?
1
Let z be 1/(-1)*2/(-1). Let l(r) = r - 27 - 3*r**2 + 30 - 7*r + 4*r**2. What is l(z)?
-5
Let g(l) = 3*l - 4*l**2 + 0*l**3 - 2*l + l**3 + 2. Let h be (6 - 3)*(-16)/(-12). Calculate g(h).
6
Let y(p) = -p**2 - 9*p - 7. Let i be y(-7). Let v(s) = s**2 - 6*s - 6. What is v(i)?
1
Let y(g) = -7*g**2. Let x(a) = -a**2 - 3*a - 3. Let o be x(-2). Calculate y(o).
-7
Let q(x) be the third derivative of x**4/12 + 5*x**3/3 + 9*x**2. What is q(-7)?
-4
Let j(n) = -n + 5. Suppose -7 = -5*f + 3. Suppose -5*d = -2*z + 23, f*d - 6*d = 5*z - 8. Suppose 0 = -z*q + q. Determine j(q).
5
Let l(f) = -5*f**2 - 2. Let p(z) = -3*z**2 - 1. Let y(k) = 4*l(k) - 9*p(k). Give y(1).
8
Let s be 0/(0 - 3/(-3)). Let z(w) = -w - 12. What is z(s)?
-12
Let l be (-4 - -5) + (8 - -2). Let h(n) = 9 - l*n - 2 - 7. What is h(-1)?
11
Let v(o) be the second derivative of -o**5/20 - o**4/6 + o**3 + 2*o**2 - 22*o. Calculate v(-4).
12
Let n be -13*2/(-4)*2. Let y(g) = -2*g**3 - 3*g**2 - 2*g - 1. Let t(a) = a**3 + a**2 + a. Let b(f) = n*t(f) + 6*y(f). Determine b(5).
-1
Let f(r) be the first derivative of -2*r**3/3 + 5*r**2/2 - 2*r - 7. Determine f(3).
-5
Suppose 45 - 145 = 5*j. Let l = j + 23. Let s(o) be the third derivative of -o**6/120 + o**5/12 - o**4/6 - o**3/6 - o**2. Determine s(l).
5
Let g(w) = -w**2 + 4*w + 5. Let n(z) be the second derivative of z**3/2 - z**2 - z. Let f be n(2). Give g(f).
5
Let r(d) = -d**2 + 7*d + 1. Suppose a - 10 = 2*a + 4*t, 0 = a + 2*t + 2. Calculate r(a).
7
Let a(o) = 41*o**2 + 10*o + 5. Suppose s + s = -22. Let c(v) = -8*v**2 - 2*v - 1. Let t(u) = s*c(u) - 2*a(u). Calculate t(-1).
5
Let p(i) = i - 7. Suppose 29 = -6*z + 71. Determine p(z).
0
Let y(h) = -h**3 + 4*h**2 - 3*h. Let x be y(2). Let l = 2 + x. Let c(i) = -i**2 + 4*i + 3. Calculate c(l).
3
Let o(s) = -4*s**2 + 4*s - 7. Let u(t) = -t + 1. Let i(b) = -o(b) - 4*u(b). Let f(c) be the first derivative of i(c). What is f(-1)?
-8
Let g = -3 - -6. Let p(n) = 1 + 4*n - 4 - n**2 + 4 - g*n. Calculate p(-3).
-11
Let v(o) = -o**2 - o - 1. Let b(k) = -8*k**2 + 0*k - 5*k - 3 + 2*k. Let t(r) = b(r) - 6*v(r). Let j be 50/18 - (-4)/18. Determine t(j).
-6
Let u(o) be the first derivative of -o**6/120 + o**5/15 + 5*o**4/24 + 2*o**3/3 - 7*o**2/2 + 1. Let m(q) be the second derivative of u(q). Calculate m(5).
4
Let w be 2/(-6) +